(0). What are the prime factors of n(l)?
2, 3
Let l = -1133 - -589. Let k = l + 790. List the prime factors of k.
2, 3, 41
Suppose 2*h - 12 + 4 = 0. Let b(j) = j**2 + 3*j. What are the prime factors of b(h)?
2, 7
Let y(k) = 3*k - 7. Let s be y(4). Suppose 0 = j + 1, -2*x + s = -3*j - 0. What are the prime factors of 3 + x + -3 + 9?
2, 5
Let c = -10 + 10. Suppose -5*r + 0*r = c. Let s(i) = -2*i + 7. List the prime factors of s(r).
7
Let j(b) = 2469*b**2 + 97*b - 96. List the prime factors of j(1).
2, 5, 13, 19
Suppose -3*j + 1421 = 542. List the prime factors of j.
293
Let z = -40 + 36. What are the prime factors of (z + 9 + -4)*39?
3, 13
Let w(y) = 13*y**2 - 6*y + 13. List the prime factors of w(-5).
2, 23
Let m = 76 + -140. Let j = m + 262. What are the prime factors of j?
2, 3, 11
Let d(j) = 72*j**2 - 20*j + 10. What are the prime factors of d(4)?
2, 541
Let f = -116 + 137. What are the prime factors of f?
3, 7
List the prime factors of (-4689)/(-12) - (-6)/24.
17, 23
Suppose 3*p - 1 = -5*x - 13, -3*x - 3*p = 12. Suppose x*d + 5*d - 480 = 0. List the prime factors of d.
2, 3
Suppose 24*z - 13*z = 3927. What are the prime factors of z?
3, 7, 17
Let i be (2 - 3)*-7 + -2. Let h(u) = -5*u - 3 - i - 4 + 5. What are the prime factors of h(-7)?
2, 7
Suppose 0 = 15*u - 958 - 122. What are the prime factors of u?
2, 3
Suppose -3*t = -4*d - 27, 2*d - 15 = -t + 4. Let v be (t/(-26))/((-2)/20). List the prime factors of 96/5 + v/(-25).
19
Let c(u) be the first derivative of 22*u**3 + u**2 + u + 21. What are the prime factors of c(-1)?
5, 13
Suppose -3*l = -5*l + 12. Let g be 2/l + 60/36. What are the prime factors of (11 + -7)*15/g?
2, 3, 5
Let v(c) be the second derivative of c**5/20 + 7*c**4/6 - 2*c**3 + 19*c**2/2 - 4*c. List the prime factors of v(-14).
11, 17
Let f(j) = 5*j**3 - 5*j**2 + 5*j - 5. Let k be f(3). List the prime factors of (k/8)/(2/4).
5
Suppose 0 = 62*g - 64*g - 410. Let k = 364 + g. What are the prime factors of k?
3, 53
Let u = 2872 + -902. What are the prime factors of u?
2, 5, 197
Let y = 163 - 94. Suppose -k + y = 16. List the prime factors of k.
53
Suppose -54*r - 5886 = -57*r. What are the prime factors of r?
2, 3, 109
Suppose 0 = -4*a + 5*a + 14. Let f be a/(-3 + (-62)/(-22)). Suppose -4*i = -35 - f. List the prime factors of i.
2, 7
Let k be 5/((-20)/12) + 13. Suppose 5 + k = 5*a. List the prime factors of a.
3
Let f = 38 + -3. Let w be ((-28)/f)/((-2)/85). Suppose 29 + w = 3*a. List the prime factors of a.
3, 7
Let l = -17 - -12. Let g(o) = o**3 + 7*o**2 + 9*o + 4. Let w(z) = z**3 + 7*z**2 + 10*z + 4. Let j(d) = l*w(d) + 6*g(d). List the prime factors of j(-4).
2, 3
What are the prime factors of (-11703)/((-9 - -5) + 1)?
47, 83
Suppose -3*s = -3*h + 36, 0*s - 44 = -3*h + 5*s. Let n(y) = 4*y + 2*y**2 - 4*y - 10*y. List the prime factors of n(h).
2, 3
Let p(x) be the first derivative of -x**5/60 + 7*x**4/24 - x**3/2 - 3*x**2/2 - 5. Let h(o) be the second derivative of p(o). List the prime factors of h(5).
7
Let i(z) = z**3 + 15*z**2 - 17*z - 12. Let n be i(-16). Suppose 2*s = -4*w - 43 + 7, -5*s = -n*w + 34. What are the prime factors of (77/(-35))/(2/s)?
11
Suppose 4*y = -4*b + 820, -3*b + 619 = 9*y - 10*y. List the prime factors of b.
2, 103
Let j be (-1)/((-18)/(-18) - (-12)/(-10)). What are the prime factors of (j + (-56)/10)/(1/(-345))?
3, 23
Let t = 68 - 34. Suppose 3*r + 2 = -13, t = 3*m + 4*r. List the prime factors of m.
2, 3
Suppose -6*g + g + 6425 = 5*k, -2*k + 5*g + 2556 = 0. What are the prime factors of k?
1283
Let g(h) = -4 + 8*h + 2 - 29*h**2 - 30*h**2 + 67*h**2. What are the prime factors of g(3)?
2, 47
Suppose 47*n - 48*n + 15 = 0. Suppose -2*s - 2 = -0, -5*t + 153 = -3*s. Let x = t - n. List the prime factors of x.
3, 5
What are the prime factors of (-10 - (8 - 1891))*(0 + 1)?
1873
Let b(u) = -22*u - 35. List the prime factors of b(-5).
3, 5
Let q = -75 + 75. Suppose q*i - 3*i - 1098 = -4*k, -2*i = -4. What are the prime factors of k?
2, 3, 23
Let k(f) = 7 + 2*f**3 - 2*f**2 - 7*f + 6*f - 4*f. What are the prime factors of k(2)?
5
Let f(a) = a**2 + 3*a - 4. Let h(t) = t**2 - 12*t - 7. Let m be h(13). What are the prime factors of f(m)?
2, 5
Let m be (4/(-3))/(4/(-12)). Suppose 31 = m*u - 81. Let r = u - 16. List the prime factors of r.
2, 3
Suppose -2606 = 9*z - 788. Let d = 372 + z. What are the prime factors of d?
2, 5, 17
Let o(z) = z**3 + 11*z**2 - z + 5. Let v = 21 + -14. Suppose 0 = q + 4 + v. List the prime factors of o(q).
2
Suppose -801 = -5*v + 2*v. Suppose -2*f = -v - 3. Suppose -55 = 2*s - f. List the prime factors of s.
2, 5
Suppose 2*w + 5*b = 628, -3*w + w + 4*b = -610. What are the prime factors of w?
3, 103
Let g(r) = -58*r - 3. Let m be 4 + -4 - 0 - (2 - -1). List the prime factors of g(m).
3, 19
Let d be (-10)/95 - (-2)/19. Suppose d*i - 128 = -i. What are the prime factors of i?
2
List the prime factors of ((-8)/12)/((-2)/1479).
17, 29
Let g(d) = -89*d - 32. What are the prime factors of g(-6)?
2, 251
What are the prime factors of (-128)/10*125/(-25)?
2
Let q(j) be the third derivative of -j**6/24 + j**5/20 - 5*j**4/24 - j**3/3 - 6*j**2. Let h be q(-3). Suppose -3*c + h = 2*c. What are the prime factors of c?
5, 7
Let p = 3619 + 1275. What are the prime factors of p?
2, 2447
Let b(t) = -16*t - 1. Let r be 5*1*(-3)/3. What are the prime factors of b(r)?
79
Suppose -v - u + 7 = 0, -v - 3*u = -1 - 10. Suppose v = 5*i, 0*i - 5*i = -n. Suppose -b + z + 114 = 2*b, b - 24 = n*z. List the prime factors of b.
3, 13
Suppose -2*i + o + 12 = 0, 4*o + 28 = 6*i - 3*i. Suppose -i*l + 13 = t, 2*t + 0*l + 4*l = 34. Suppose -2*x = x - t. List the prime factors of x.
7
Let t(b) = -9*b**2 + 8*b**3 + 0*b - 9*b**3 + 22 + 4*b. Let f be t(-9). What are the prime factors of (-1122)/(-42) - 4/f?
3
Let i = -536 + 1044. What are the prime factors of i?
2, 127
Let z be -3*(3 - -1)/(-4). What are the prime factors of z*(-51)/(-9) - -3?
2, 5
Suppose 2*h = 2*q - 60, 0*q = 3*q - 5*h - 96. Suppose -2 = 6*i - 2*i - y, 0 = -4*i - 5*y - 14. Let t = i + q. What are the prime factors of t?
2, 13
Suppose -3*q + 99 + 41 = -5*m, -4*q - 2*m + 178 = 0. Suppose -3*r = 2*h - q, 3*r - 120 = -4*h + 7*r. What are the prime factors of (-670)/(-18) - 6/h?
37
Suppose -4*s - 18 + 96 = -3*z, -111 = -5*s - 3*z. Let h be s/9 - (-6)/9. Suppose -t - 2*i = -18, h*i + 0 - 36 = -2*t. What are the prime factors of t?
2, 3
Suppose -b - 5*l = 3*b - 1363, 1710 = 5*b + 5*l. What are the prime factors of b?
347
Let t be (-119)/9 + (-2)/(-9). Let q = t - -17. Suppose 0 = -2*p - q*p + 354. List the prime factors of p.
59
Suppose 5*f - 3*a + 76 = -4, f = -5*a - 16. Let j be 382/(-8) + (-3)/12. Let q = f - j. List the prime factors of q.
2
Let q(d) = -49*d - 38. List the prime factors of q(-24).
2, 569
Let f(n) = 27*n + 42. Let k be f(10). What are the prime factors of k + 2/5*(6 + -1)?
2, 157
Let q(k) = k**3 + 5*k**2 + 4*k + 9. Let h be q(-4). Suppose -7*r - 4 = -h*r. Suppose r*g = 3*u + 33, 2*g - 13 = u + 14. What are the prime factors of g?
2, 3
Let u(o) = -o**3 + 40*o**2 - o - 153. What are the prime factors of u(39)?
3, 443
Suppose 5*m = 2*h - 4, 0 = -m + 5*m - h + 5. Let c(n) = -30*n**3 + 3*n**2 + 2*n - 1. What are the prime factors of c(m)?
13, 19
Suppose r + 4*n = 1 - 15, -2 = 3*r + 2*n. Suppose -308 = -a + 3*g + r*g, -4*a = 4*g - 1208. List the prime factors of a.
3, 101
Suppose -20*c + 2224 = -12*c. List the prime factors of c.
2, 139
Suppose -18*u + 17*u = -21. Suppose -16*f - 485 = -u*f. List the prime factors of f.
97
Let b(a) = -2*a**3 - 12*a + 46*a**2 - 26*a**2 + a**2 - 8. List the prime factors of b(6).
2, 61
Suppose 3*a - 8*a - 15 = 0. Let i be (-140)/a + 6/18. Suppose 2*d = b + 67, -16 = -2*d - 3*b + i. List the prime factors of d.
3, 11
Suppose 7*u = 8*u - 2, -4*u - 15688 = -4*z. What are the prime factors of z?
2, 3, 109
Suppose -c + 10 = 3*q, 12 = q - c + 2. Suppose b - 7 = -q*i + 198, 4*i + 5*b = 164. List the prime factors of i.
41
Suppose -7*y = -2*y - 215. Let b be -2 - ((-4)/(-6))/((-1)/3). Suppose -97 = -5*v + 3*i, b*v + 3*i = -2*v + y. List the prime factors of v.
2, 5
Let c be ((-1)/(-2))/((-1)/(-210)). Suppose -5*h = -v - 0*v - c, 5*h + 5*v = 135. What are the prime factors of h?
2, 11
Let q be (2 + -1)*(84 - (0 + 5)). Suppo